 4513 is divided by 122?
121
Calculate the remainder when 20748 is divided by 16.
12
Calculate the remainder when 1563 is divided by 160.
123
Calculate the remainder when 143 is divided by 91.
52
Calculate the remainder when 201 is divided by 98.
5
What is the remainder when 117 is divided by 44?
29
Calculate the remainder when 186 is divided by 51.
33
What is the remainder when 9176 is divided by 108?
104
What is the remainder when 2158 is divided by 30?
28
Calculate the remainder when 120 is divided by 38.
6
What is the remainder when 88 is divided by 13?
10
What is the remainder when 298 is divided by 43?
40
What is the remainder when 759 is divided by 155?
139
Calculate the remainder when 341 is divided by 1.
0
What is the remainder when 897 is divided by 42?
15
Calculate the remainder when 5948 is divided by 660.
8
Calculate the remainder when 774 is divided by 37.
34
Calculate the remainder when 113 is divided by 105.
8
Calculate the remainder when 98 is divided by 34.
30
What is the remainder when 6045 is divided by 224?
221
Calculate the remainder when 226 is divided by 11.
6
Calculate the remainder when 4081 is divided by 56.
49
What is the remainder when 71 is divided by 43?
28
Calculate the remainder when 371 is divided by 15.
11
Calculate the remainder when 689 is divided by 34.
9
Calculate the remainder when 200 is divided by 34.
30
What is the remainder when 339 is divided by 10?
9
What is the remainder when 353 is divided by 5?
3
What is the remainder when 27 is divided by 15?
12
Calculate the remainder when 994 is divided by 583.
411
Calculate the remainder when 3879 is divided by 3.
0
What is the remainder when 1426 is divided by 354?
10
What is the remainder when 305 is divided by 81?
62
Calculate the remainder when 1879 is divided by 99.
97
What is the remainder when 218 is divided by 20?
18
What is the remainder when 762 is divided by 45?
42
What is the remainder when 48 is divided by 35?
13
Calculate the remainder when 73 is divided by 37.
36
What is the remainder when 418 is divided by 12?
10
Calculate the remainder when 309 is divided by 8.
5
Calculate the remainder when 36 is divided by 23.
13
What is the remainder when 251 is divided by 60?
11
What is the remainder when 2390 is divided by 36?
14
Calculate the remainder when 1241 is divided by 4.
1
What is the remainder when 1148 is divided by 24?
20
Calculate the remainder when 248 is divided by 10.
8
Calculate the remainder when 2252 is divided by 1123.
6
Calculate the remainder when 29 is divided by 16.
13
What is the remainder when 4057 is divided by 11?
9
Calculate the remainder when 931 is divided by 184.
11
Calculate the remainder when 311 is divided by 23.
12
Calculate the remainder when 92 is divided by 30.
2
What is the remainder when 34 is divided by 13?
8
Calculate the remainder when 647 is divided by 122.
37
Calculate the remainder when 125 is divided by 38.
11
Calculate the remainder when 1406 is divided by 141.
137
Calculate the remainder when 1961 is divided by 18.
17
Calculate the remainder when 5471 is divided by 48.
47
What is the remainder when 429 is divided by 8?
5
What is the remainder when 138 is divided by 13?
8
What is the remainder when 2916 is divided by 40?
36
What is the remainder when 176 is divided by 38?
24
Calculate the remainder when 61 is divided by 53.
8
What is the remainder when 197 is divided by 33?
32
What is the remainder when 499 is divided by 261?
238
Calculate the remainder when 1497 is divided by 12.
9
Calculate the remainder when 10526 is divided by 188.
186
Calculate the remainder when 1119 is divided by 5.
4
Calculate the remainder when 62 is divided by 28.
6
What is the remainder when 1152 is divided by 16?
0
What is the remainder when 410 is divided by 75?
35
What is the remainder when 1512 is divided by 19?
11
Calculate the remainder when 273 is divided by 31.
25
Calculate the remainder when 3463 is divided by 39.
31
Calculate the remainder when 1292 is divided by 26.
18
What is the remainder when 54 is divided by 31?
23
Calculate the remainder when 1112 is divided by 183.
14
Calculate the remainder when 152 is divided by 71.
10
Calculate the remainder when 399 is divided by 69.
54
Calculate the remainder when 109 is divided by 11.
10
What is the remainder when 15065 is divided by 16?
9
What is the remainder when 203 is divided by 56?
35
What is the remainder when 3733 is divided by 156?
145
Calculate the remainder when 141 is divided by 78.
63
What is the remainder when 934 is divided by 187?
186
What is the remainder when 2670 is divided by 882?
24
What is the remainder when 381 is divided by 35?
31
What is the remainder when 19 is divided by 12?
7
What is the remainder when 108 is divided by 59?
49
What is the remainder when 247 is divided by 15?
7
Calculate the remainder when 4077 is divided by 102.
99
Calculate the remainder when 43 is divided by 9.
7
Calculate the remainder when 175 is divided by 72.
31
What is the remainder when 146 is divided by 30?
26
What is the remainder when 803 is divided by 356?
91
What is the remainder when 377 is divided by 143?
91
What is the remainder when 24 is divided by 13?
11
What is the remainder when 437 is divided by 428?
9
Calculate the remainder when 1687 is divided by 95.
72
What is the remainder when 1958 is divided by 218?
214
Calculate the remainder when 596 is divided by 30.
26
Calculate the remainder when 537 is divided by 88.
9
What is the remainder when 5178 is divided by 10?
8
What is the remainder when 906 is divided by 14?
10
What is the remainder when 5 is divided by 2?
1
What is the remainder when 1714 is divided by 342?
4
Calculate the remainder when 44 is divided by 42.
2
What is the remainder when 686 is divided by 30?
26
What is the remainder when 696 is divided by 170?
16
Calculate the remainder when 381 is divided by 359.
22
Calculate the remainder when 1726 is divided by 217.
207
What is the remainder when 923 is divided by 103?
99
What is the remainder when 9043 is divided by 68?
67
What is the remainder when 3952 is divided by 1316?
4
What is the remainder when 542 is divided by 25?
17
Calculate the remainder when 597 is divided by 100.
97
Calculate the remainder when 112 is divided by 26.
8
Calculate the remainder when 1044 is divided by 95.
94
Calculate the remainder when 241 is divided by 121.
120
Calculate the remainder when 2070 is divided by 104.
94
What is the remainder when 425 is divided by 11?
7
What is the remainder when 143 is divided by 45?
8
What is the remainder when 158 is divided by 10?
8
Calculate the remainder when 1398 is divided by 54.
48
What is the remainder when 56 is divided by 22?
12
What is the remainder when 1071 is divided by 83?
75
Calculate the remainder when 4640 is divided by 57.
23
Calculate the remainder when 1371 is divided by 125.
121
Calculate the remainder when 541 is divided by 51.
31
Calculate the remainder when 341 is divided by 49.
47
Calculate the remainder when 150 is divided by 55.
40
Calculate the remainder when 22 is divided by 6.
4
What is the remainder when 203 is divided by 16?
11
What is the remainder when 102 is divided by 58?
44
What is the remainder when 111 is divided by 15?
6
What is the remainder when 178 is divided by 60?
58
What is the remainder when 1031 is divided by 86?
85
What is the remainder when 56 is divided by 5?
1
Calculate the remainder when 166 is divided by 28.
26
Calculate the remainder when 467 is divided by 130.
77
What is the remainder when 3579 is divided by 210?
9
What is the remainder when 336 is divided by 87?
75
What is the remainder when 24801 is divided by 121?
117
Calculate the remainder when 233 is divided by 107.
19
What is the remainder when 609 is divided by 41?
35
What is the remainder when 774 is divided by 16?
6
Calculate the remainder when 250 is divided by 12.
10
Calculate the remainder when 332 is divided by 77.
24
Calculate the remainder when 188 is divided by 28.
20
Calculate the remainder when 274 is divided by 11.
10
Calculate the remainder when 244 is divided by 81.
1
Calculate the remainder when 379 is divided by 76.
75
What is the remainder when 35 is divided by 4?
3
Calculate the remainder when 121 is divided by 25.
21
What is the remainder when 58